*h + n*a - 8 = a. List the prime factors of h.
2
Suppose -o + 4 = -0*o. Suppose o*g - 35 = -g. List the prime factors of g.
7
Suppose -3*t = -c + 194, 5*c - 618 = 2*c - 3*t. List the prime factors of c.
7, 29
Suppose 4*q = 2*q. Suppose -3*l + 2 + 22 = q. List the prime factors of l.
2
Let n(f) be the third derivative of f**6/120 - f**4/24 + 4*f**3/3 + f**2. Let z be 0/(2 - (-1 - -1)). List the prime factors of n(z).
2
List the prime factors of ((-6)/(-2))/(3/24).
2, 3
Suppose 5*r - 325 = 8*v - 3*v, 4*r = -v + 270. What are the prime factors of r?
67
Let y(v) = 4*v**2 - 8*v - 1. Let d(h) = 5*h**2 - 9*h - 1. Let g(x) = 5*d(x) - 6*y(x). What are the prime factors of g(6)?
5, 11
Let j = 51 + -42. List the prime factors of j.
3
Let r = 11 - 0. What are the prime factors of r?
11
What are the prime factors of (-2382)/(-30) + (-6)/15?
79
Let d be 2*((-9)/(-3) + -1). Let g(v) = v - 5. Let q be g(d). Let x = q + 6. What are the prime factors of x?
5
Let c(k) = -k**3 + 5*k**2 + 3*k - 7. Let t be c(5). Let p be 2*2*(-7)/2. What are the prime factors of (p/(-5))/(t/20)?
7
Let k(z) = z**2 + 2*z + 2. Let i be k(-2). Suppose -q - 5*s + 88 = i*q, q - 26 = -s. List the prime factors of q.
3, 7
Let z(v) = 6*v**2 + 2*v + 1. Let j be z(-1). Suppose 0 = 4*d + 2 + 2. List the prime factors of ((-16)/5)/(d/j).
2
Suppose -2*n - l = -64, 0*l + 5*l = 5*n - 190. What are the prime factors of n?
2, 17
Suppose -7*y = -11*y + 152. What are the prime factors of y?
2, 19
Suppose -x - 7*x + 864 = 0. List the prime factors of x.
2, 3
Suppose -2*t + 4*g - 1 - 11 = 0, 3*t = g + 7. Suppose -2*k = 4*s + 64, 0 = -6*s + 2*s - k - 60. List the prime factors of (t/5)/(s/(-315)).
2, 3
Let j(i) = 3*i**3 - 2*i**2 + 3*i - 1. Let v be j(2). Let k = v - -6. Let x = 38 - k. What are the prime factors of x?
11
Let t(h) = -3*h - 1. Let w be t(-3). Let g = w + -5. Let a(m) = 3*m - 2. List the prime factors of a(g).
7
Let n = -55 + 115. List the prime factors of n.
2, 3, 5
Let f(k) = -46*k + 1. Let r be f(-3). Suppose 0*o - r = -3*o - 4*b, 5*b + 130 = 3*o. Suppose 0 = 2*t - o + 5. List the prime factors of t.
2, 5
Suppose 5*a - 3*d = 42, -4*a + 2*a + 4*d + 14 = 0. What are the prime factors of a?
3
Let h be 2/6 + 32/12. Suppose 0 = 2*i - 0*i. Suppose h*x - x - 16 = i. What are the prime factors of x?
2
Suppose 0 = -5*g - 3*z - 6, 0 = -3*g + 3*z - 2*z - 12. Let j = -7 + g. What are the prime factors of ((-2)/3)/(j/45)?
3
Let z = 6 + -4. Suppose z*q - w = 7, 0 = -4*q + 3*w + 6 + 7. What are the prime factors of (6/q)/(3/20)?
2, 5
Let x = -440 + 738. List the prime factors of x.
2, 149
Suppose -11*x + 1624 = -4*x. List the prime factors of x.
2, 29
Let d = 49 + 13. Suppose v = -d - 45. What are the prime factors of (-4)/14 + v/(-7)?
3, 5
Suppose -2*z - n = -4*z - 16, 2*n + 22 = -2*z. Suppose 2*r - 6*r + 8 = 0. Let f = r - z. List the prime factors of f.
11
Suppose 20 = 4*z - 144. What are the prime factors of z?
41
Suppose -4*h = -2*h - 114. List the prime factors of h.
3, 19
Let j(b) = 2*b**2 - 4*b + 4. Let f be j(3). Suppose t = 3*k + 17, t = -5*k + f - 1. Suppose v + 4 = t. What are the prime factors of v?
2, 5
Suppose 2*c - 10 = -2*o, -2*o + 5*c + 3 = 28. Let a = o + 3. Let f = 14 - a. What are the prime factors of f?
11
Let u(s) = -3 + 4 + s + s**2 + s**2. Let o be u(-1). Suppose 4*k = 5*k - o. List the prime factors of k.
2
Suppose 3*h + 4*h - 224 = 0. What are the prime factors of h?
2
Suppose -5*r + a + 5 = -a, 4*r + 5*a - 4 = 0. Let c = 8 - r. Suppose -2 = -t + c. What are the prime factors of t?
3
Let y = -4 - 6. Let j = -5 - y. Suppose -j*c + 13 = -2. List the prime factors of c.
3
Let y(r) = -3*r + 3*r**2 + r**3 + 0*r**3 + 4*r. What are the prime factors of y(-2)?
2
Suppose -2*j = m - 0*j + 68, -5*j - 199 = 3*m. Let z = m + 82. List the prime factors of z.
2, 3
Let b = -32 - -23. Let z = 0 - b. What are the prime factors of z?
3
Suppose -4*c + 20 = 0, -5*d = -0*d + c - 210. What are the prime factors of d?
41
Let r(s) = -5*s**2 + 4*s. Let a(o) = 6*o**2 - 4*o. Let u(d) = 4*a(d) + 5*r(d). Let h be u(4). Suppose 0 = -h*y + 3*y - 27. What are the prime factors of y?
3
Let r(i) be the second derivative of i**5/20 + i**4/6 + i**3/3 + i**2/2 - i. Let a be r(-1). Suppose -2*b + a*b = -22. What are the prime factors of b?
11
Let d = 127 - 51. What are the prime factors of d?
2, 19
Suppose 0 = 5*f + h + 3, 2*f - 12 = -h + 5*h. Suppose -2*i = -0*x - x - 23, 2*i - 3*x - 25 = f. What are the prime factors of i?
11
Let h(o) = -o - 5. Let c = -16 + 9. List the prime factors of h(c).
2
Let y = -119 - -208. What are the prime factors of y?
89
Let l = -22 + 106. Suppose 6*o = 2*o - l. Let m = -11 - o. What are the prime factors of m?
2, 5
Suppose -40 = 5*n + 10. Let l be 616/40 - (-4)/n. List the prime factors of l - (-3 + (4 - 1)).
3, 5
Let t be ((-4)/10)/((-1)/10). Suppose 10 = c - 5*s, 4*c + t*s = 5*s + 21. Suppose c*q - 24 = -9. List the prime factors of q.
3
Suppose 0 = -4*k - k. Suppose 2*x - 6 = -2*a, 4*x + k*a = -a + 18. What are the prime factors of x?
5
Let r(c) = c**3 + 5*c**2 - 8*c - 9. Let v be r(-6). Suppose 0 = -v*f + 6*f. Suppose f = 2*j - 3*h - 14, 0 = -2*j + 2*h + 14. What are the prime factors of j?
7
Suppose -39 = -k + 2*a, -2*k + 5*a + 4 + 70 = 0. What are the prime factors of k?
47
Suppose 3*k = 5*k. Suppose 4*o - z + k = -7, 2*o + 16 = -2*z. Let w = -1 - o. List the prime factors of w.
2
Suppose 5*p - 12 = 2*p. Suppose -p*u = -2*u - 52. List the prime factors of u.
2, 13
List the prime factors of (-5 - 5/(-4))/((-3)/136).
2, 5, 17
Let g = 36 + -64. Let y be 4/(-6) + 92/(-6). Let v = y - g. List the prime factors of v.
2, 3
Suppose 5*o - 53 - 12 = 0. What are the prime factors of o?
13
Let l be (-6)/(-21) - 19/(-7). Let i = -6 - -6. Let u = l - i. What are the prime factors of u?
3
Suppose 11 = -6*g + 5. Let v(u) = -57*u**3 - 1. What are the prime factors of v(g)?
2, 7
Let k(o) = 5*o**2 - 16*o + 40. List the prime factors of k(9).
7, 43
Let m be -2 - (2 + (-1 - 3)). Suppose -h = 5*a - 13, 4*h - 2*a = -m*h + 52. What are the prime factors of h?
13
Suppose 0 = 6*r - 31 - 11. What are the prime factors of r?
7
List the prime factors of 42/12*(-8)/(-14) - -97.
3, 11
Let q(o) = -9*o - 46. List the prime factors of q(-14).
2, 5
Suppose 0 = -g + 2*t + 39, -t = -3*g + 3*t + 113. What are the prime factors of g?
5, 7
Suppose -10 = p - 2. Let z be p/(-2 + 6/4). Suppose 2*q + z = 6*q. What are the prime factors of q?
2
What are the prime factors of (-36)/8*60/(-9)?
2, 3, 5
Let z be (0 + 1 - 0)*0. Suppose -3*j + 26 = 2*q, z = -q - 0*j + 3*j + 13. Let c = 19 - q. List the prime factors of c.
2, 3
Let y = -13 + 25. Suppose 3*k = -4*a + 71, 0 = 2*a - k - 11 - y. What are the prime factors of a?
2, 7
Let z(c) = 3*c**2 - 2*c**2 + 0 - 3 + 5*c. List the prime factors of z(-6).
3
Let d(c) = 7*c**2 - 1. Let j(f) = f + 5. Let l be j(0). Suppose 7*b = 2*b - l. What are the prime factors of d(b)?
2, 3
Let j(o) = -3*o - 1. Let r be j(-2). Suppose 5*a = -x + 2 - 13, -3*x - r*a = 3. What are the prime factors of (x + 0)*(2 - 1)?
2
Suppose -8 = -y - 0*y. Let r be (122/4)/(4/y). Suppose 4*a = -5*b + 56, 3*a + 18 = -4*b + r. What are the prime factors of a?
3
Suppose -4 = 2*p - p, -p + 11 = -5*w. Let t(v) = -4*v. What are the prime factors of t(w)?
2, 3
Let c(y) be the third derivative of y**5/12 - y**4/8 + 5*y**3/6 - 9*y**2. What are the prime factors of c(3)?
41
Suppose -13*w = -1521 - 3458. What are the prime factors of w?
383
Suppose -2*o + 8 = -3*o. Let g be o*(-2 - 1)/3. Suppose 2*s - 22 - g = 0. List the prime factors of s.
3, 5
Let i = 66 + 13. What are the prime factors of i?
79
Suppose 77*y + 440 = 81*y. What are the prime factors of y?
2, 5, 11
Let v = -13 + 89. List the prime factors of v.
2, 19
Let d = -4 - -7. Suppose 0 = -d*n - 3 + 33. Let k = 5 + n. List the prime factors of k.
3, 5
Suppose 2*s - 6 = -0*s. Suppose -4*o - 15 = -3*h, 2*o = -h + 4*o + s. Suppose -3*f + 2*k + 23 = 3, 2*f + 3*k - h = 0. List the prime factors of f.
2, 3
Let a(g) = -g**3 + 2*g**2 + 4*g + 1. Let n be a(3). List the prime factors of (n/(-14))/(8/(-56)).
2
Let q(f) = 2*f**2 + 3*f - 1. Let m be q(-3). Suppose -3*s + m = s. What are the prime factors of s?
2
Suppose -v - 68 = -3*w - 2*w, -4*w + v + 55 = 0. Let q be 1 -